{"id":74,"date":"2018-02-08T16:02:13","date_gmt":"2018-02-08T16:02:13","guid":{"rendered":"https:\/\/weber-legal.ch\/?page_id=74"},"modified":"2018-08-04T10:44:02","modified_gmt":"2018-08-04T10:44:02","slug":"avv-chiara-bianchetti-notaio","status":"publish","type":"page","link":"https:\/\/weber-legal.ch\/index.php\/avv-chiara-bianchetti-notaio\/","title":{"rendered":"Avv. Chiara Bianchetti, Notaio"},"content":{"rendered":"<p><img loading=\"lazy\" decoding=\"async\" class=\"alignnone size-full wp-image-370\" src=\"https:\/\/weber-legal.ch\/wp-content\/uploads\/2018\/03\/Chiara020-1.jpg\" alt=\"\" width=\"1400\" height=\"814\" srcset=\"https:\/\/weber-legal.ch\/wp-content\/uploads\/2018\/03\/Chiara020-1.jpg 1400w, https:\/\/weber-legal.ch\/wp-content\/uploads\/2018\/03\/Chiara020-1-300x174.jpg 300w, https:\/\/weber-legal.ch\/wp-content\/uploads\/2018\/03\/Chiara020-1-768x447.jpg 768w, https:\/\/weber-legal.ch\/wp-content\/uploads\/2018\/03\/Chiara020-1-1024x595.jpg 1024w, https:\/\/weber-legal.ch\/wp-content\/uploads\/2018\/03\/Chiara020-1-1200x698.jpg 1200w\" sizes=\"auto, (max-width: 709px) 85vw, (max-width: 909px) 67vw, (max-width: 1362px) 62vw, 840px\" \/><\/p>\n<p class=\"imAlign_left\"><strong><span class=\"ff4 fc4 fs10 \"><a href=\"mailto:c.bianchetti@weber-legal.ch\">contatta ora<\/a><\/span><\/strong><\/p>\n<p><strong>Formazione\u00a0<\/strong><\/p>\n<p><span class=\"ff3 fc5 fs10 \">Laureata in giurisprudenza all&#8217;universit\u00e0 di Zurigo (2007)<br \/>\nPatente d&#8217;avvocato dal 2009<br \/>\nPatente di notaio dal 2011<\/span><span class=\"ff4 fc4 fs10 \"><br \/>\n<\/span><\/p>\n<p class=\"imAlign_left\"><strong><span class=\"ff3 fc3 fs10 fb \">Attivit\u00e0 professionale<\/span><\/strong><span class=\"ff4 fc4 fs10 \"><br \/>\n<\/span><\/p>\n<ul>\n<li><span class=\"ff3 fc5 fs10 \">Dal 2011: Attivit\u00e0 di avvocato e notaio associato allo Studio Legale e notarile Avv. Andr\u00e9 Weber, con uffici a Locarno e Zurigo<\/span><\/li>\n<li><span class=\"ff3 fc5 fs10 \">Dal 2010: Attivit\u00e0 di avvocato associato dello Studio Legale Avv. Andr\u00e9 Weber, con uffici a Locarno e Zurigo.<\/span><\/li>\n<li><span class=\"ff3 fc5 fs10 \">Pratica notarile presso l&#8217;Ufficio del Registro Fondiario, Locarno (2010)<\/span><\/li>\n<li><span class=\"ff3 fc5 fs10 \">Pratica notarile presso L&#8217;Ufficio del Registro di Commercio, Lugano (2010)<\/span><\/li>\n<li><span class=\"ff3 fc5 fs10 \">Pratica notarile presso uno Studio Notarile di Locarno (2008-2009)<\/span><\/li>\n<li><span class=\"ff3 fc5 fs10 \">Pratica legale presso lo Studio Legale Avv. Andr\u00e9 Weber (2008-2009)<\/span><\/li>\n<li><span class=\"ff3 fc5 fs10 \">Collaboratrice di uno Studio Legale a Zurigo (2004-2007)<\/span><\/li>\n<\/ul>\n<p class=\"imAlign_left\"><strong><span class=\"ff3 fc3 fs10 fb \">Attivit\u00e0 e iscrizioni<\/span><\/strong><span class=\"ff3 fc5 fs10 \"><br \/>\n<\/span><\/p>\n<ul class=\"imBullet\">\n<li class=\"imAlign_left\"><span class=\"ff3 fc5 fs10 \">Iscritta all&#8217;Ordine degli avvocati svizzeri (FSA)<\/span><\/li>\n<li class=\"imAlign_left\"><span class=\"ff3 fc5 fs10 \">Iscritta all&#8217;Ordine degli avvocati del Canton Ticino (OATI)<\/span><\/li>\n<li class=\"imAlign_left\"><span class=\"ff3 fc5 fs10 \">Iscritta all&#8217;Ordine dei Notai Ticinesi (OdNTi)<\/span><\/li>\n<\/ul>\n<p class=\"imAlign_left\"><span class=\"ff4 fc4 fs10 \"><br \/>\n<\/span><strong><span class=\"ff3 fc3 fs10 fb \">Lingue<\/span><\/strong><span class=\"ff3 fc4 fs10 \"><br \/>\n<\/span><span class=\"ff3 fc5 fs10 \">L\u2019avv. Chiara Bianchetti \u00e8 attiva professionalmente in Ticino e a Zurigo e rappresenta i suoi clienti sia in italiano che in tedesco. Parla correntemente italiano, tedesco, inglese e francese.\u00a0<\/span><\/p>\n<p><strong><span class=\"ff3 fc3 fs10 fb \">Campi di attivit\u00e0 preferiti<\/span><\/strong><span class=\"ff3 fc5 fs10 \"><br \/>\n<\/span><\/p>\n<ul class=\"imBullet\">\n<li class=\"imAlign_left\"><span class=\"ff3 fc5 fs10 \">Notariato<\/span><\/li>\n<li class=\"imAlign_left\"><span class=\"ff3 fc5 fs10 \">Diritto Civile<\/span><\/li>\n<li class=\"imAlign_left\"><span class=\"ff3 fc5 fs10 \">Diritto della famiglia e dei divorzi<\/span><\/li>\n<li class=\"imAlign_left\"><span class=\"ff3 fc5 fs10 \">Diritto tutorio<\/span><\/li>\n<li class=\"imAlign_left\"><span class=\"ff3 fc5 fs10 \">Diritto del lavoro<\/span><\/li>\n<li class=\"imAlign_left\"><span class=\"ff3 fc5 fs10 \">Esecuzione e fallimenti<\/span><\/li>\n<li class=\"imAlign_left\"><span class=\"ff3 fc5 fs10 \">Diritto penale<\/span><\/li>\n<li class=\"imAlign_left\"><span class=\"ff3 fc5 fs10 \">Diritto contrattuale<\/span><\/li>\n<\/ul>\n","protected":false},"excerpt":{"rendered":"<p>contatta ora Formazione\u00a0 Laureata in giurisprudenza all&#8217;universit\u00e0 di Zurigo (2007) Patente d&#8217;avvocato dal 2009 Patente di notaio dal 2011 Attivit\u00e0 professionale Dal 2011: Attivit\u00e0 di avvocato e notaio associato allo Studio Legale e notarile Avv. Andr\u00e9 Weber, con uffici a Locarno e Zurigo Dal 2010: Attivit\u00e0 di avvocato associato dello Studio Legale Avv. Andr\u00e9 Weber, &hellip; <a href=\"https:\/\/weber-legal.ch\/index.php\/avv-chiara-bianchetti-notaio\/\" class=\"more-link\">Continue reading<span class=\"screen-reader-text\"> &#8220;Avv. Chiara Bianchetti, Notaio&#8221;<\/span><\/a><\/p>\n","protected":false},"author":1,"featured_media":0,"parent":0,"menu_order":0,"comment_status":"closed","ping_status":"closed","template":"","meta":{"footnotes":""},"class_list":["post-74","page","type-page","status-publish","hentry"],"_links":{"self":[{"href":"https:\/\/weber-legal.ch\/index.php\/wp-json\/wp\/v2\/pages\/74","targetHints":{"allow":["GET"]}}],"collection":[{"href":"https:\/\/weber-legal.ch\/index.php\/wp-json\/wp\/v2\/pages"}],"about":[{"href":"https:\/\/weber-legal.ch\/index.php\/wp-json\/wp\/v2\/types\/page"}],"author":[{"embeddable":true,"href":"https:\/\/weber-legal.ch\/index.php\/wp-json\/wp\/v2\/users\/1"}],"replies":[{"embeddable":true,"href":"https:\/\/weber-legal.ch\/index.php\/wp-json\/wp\/v2\/comments?post=74"}],"version-history":[{"count":7,"href":"https:\/\/weber-legal.ch\/index.php\/wp-json\/wp\/v2\/pages\/74\/revisions"}],"predecessor-version":[{"id":473,"href":"https:\/\/weber-legal.ch\/index.php\/wp-json\/wp\/v2\/pages\/74\/revisions\/473"}],"wp:attachment":[{"href":"https:\/\/weber-legal.ch\/index.php\/wp-json\/wp\/v2\/media?parent=74"}],"curies":[{"name":"wp","href":"https:\/\/api.w.org\/{rel}","templated":true}]}}